 to base 15
-520
What is -5e1 (base 15) in base 10?
-1336
Convert -10332 (base 4) to base 16.
-13e
Convert -113213 (base 5) to base 8.
-10127
Convert 426 (base 15) to base 2.
1110101000
What is 2903 (base 10) in base 13?
1424
Convert 3706 (base 14) to base 15.
2caa
Convert a4 (base 11) to base 7.
222
220410 (base 7) to base 5
2213434
What is -10500 (base 6) in base 9?
-2020
What is 110110011100 (base 2) in base 12?
2024
-6002 (base 10) to base 11
-4567
What is -110222 (base 3) in base 14?
-1b0
Convert -211212 (base 4) to base 10.
-2406
135440 (base 6) to base 2
11001001110000
Convert 841 (base 14) to base 12.
b35
What is 2400 (base 5) in base 3?
110222
Convert -1052 (base 8) to base 4.
-20222
2010131 (base 4) to base 9
12558
Convert -4b52 (base 15) to base 9.
-24015
Convert -226b (base 14) to base 4.
-1131113
Convert -121211010 (base 3) to base 13.
-5772
Convert -1411 (base 5) to base 7.
-450
Convert 211 (base 13) to base 10.
352
Convert -4b70 (base 16) to base 7.
-110206
Convert 7164 (base 11) to base 5.
301013
Convert -332322 (base 5) to base 14.
-4319
What is 3655a (base 12) in base 5?
4321431
What is -4401 (base 7) in base 5?
-22234
-35350 (base 8) to base 13
-6b30
-1c97c (base 13) to base 14
-16873
Convert 27454 (base 8) to base 6.
131524
-4d7d (base 16) to base 2
-100110101111101
What is 110 (base 13) in base 5?
1212
What is -9 (base 10) in base 11?
-9
What is -124422 (base 7) in base 4?
-11222121
What is -31410 (base 5) in base 13?
-c5c
What is 4cd (base 16) in base 10?
1229
Convert 1598 (base 11) to base 5.
31133
Convert 3627 (base 9) to base 13.
12c7
What is 101000111011 (base 2) in base 3?
10121000
Convert 200202010 (base 3) to base 6.
143133
-100123 (base 5) to base 11
-2416
-7520 (base 11) to base 2
-10011011011000
-12349 (base 15) to base 9
-87646
What is -84c2 (base 14) in base 3?
-1011102101
Convert -1028 (base 9) to base 16.
-2f3
What is 131 (base 6) in base 15?
3a
Convert 13120133 (base 4) to base 9.
45428
What is 2334 (base 7) in base 16?
35a
-166 (base 13) to base 14
-141
Convert abb (base 12) to base 11.
120a
Convert -2514 (base 7) to base 11.
-787
Convert 58c (base 14) to base 4.
101100
33 (base 6) to base 3
210
What is -400 (base 8) in base 15?
-121
Convert -352 (base 12) to base 11.
-40a
What is 116 (base 15) in base 5?
1441
Convert 11020 (base 3) to base 13.
8a
What is -18030 (base 10) in base 9?
-26653
Convert -120341 (base 5) to base 15.
-14d1
445 (base 9) to base 14
1c1
-255 (base 10) to base 14
-143
-26c (base 14) to base 12
-348
-1000011111011 (base 2) to base 12
-2623
What is -2eaf (base 16) in base 4?
-2322233
100011000 (base 2) to base 9
341
What is -11101 (base 6) in base 14?
-7c9
-5522 (base 7) to base 3
-2201012
What is 54302 (base 6) in base 3?
101020002
What is 7563 (base 10) in base 15?
2393
Convert 22ae (base 15) to base 16.
1cc4
What is -12022020 (base 3) in base 13?
-19b6
a7 (base 12) to base 15
87
100221 (base 3) to base 16
10c
1222301 (base 4) to base 3
100101002
What is 10100010100101 (base 2) in base 5?
313110
823 (base 9) to base 16
29d
-1000010101101 (base 2) to base 10
-4269
Convert -1323 (base 4) to base 15.
-83
What is 21a51 (base 13) in base 3?
10002210001
9464 (base 11) to base 10
12533
What is 11100110 (base 3) in base 10?
3171
What is -35578 (base 9) in base 10?
-23804
Convert 5460 (base 7) to base 11.
1516
What is -3374 (base 8) in base 15?
-7e3
What is -2c7 (base 16) in base 10?
-711
-102603 (base 8) to base 2
-1000010110000011
What is -103133 (base 4) in base 13?
-74c
What is -30422 (base 5) in base 9?
-2647
-2c8 (base 16) to base 13
-42a
Convert -13046 (base 11) to base 16.
-48fc
What is 115 (base 6) in base 16?
2f
-22455 (base 7) to base 11
-4334
Convert c3 (base 13) to base 11.
135
Convert 52153 (base 6) to base 15.
2106
What is 64415 (base 8) in base 15?
7e7d
What is -1110000110 (base 2) in base 11?
-750
5531 (base 7) to base 4
132332
What is -1187 (base 10) in base 16?
-4a3
Convert 1580 (base 10) to base 16.
62c
-1130 (base 10) to base 3
-1112212
-11000110010 (base 2) to base 7
-4424
What is -647 (base 11) in base 4?
-30021
What is 2d21 (base 16) in base 8?
26441
130304 (base 6) to base 2
10111000000000
-245061 (base 8) to base 11
-58565
What is 10215 (base 7) in base 2?
100111001111
-51541 (base 6) to base 4
-1223311
What is -8 (base 11) in base 12?
-8
13d (base 14) to base 8
373
Convert 221210 (base 4) to base 6.
20152
What is 101010010011110 (base 2) in base 15?
6642
-200310 (base 4) to base 6
-13420
1855b (base 12) to base 7
205031
Convert 288 (base 10) to base 14.
168
What is -1973 (base 10) in base 5?
-30343
What is 1222122 (base 3) in base 11?
10a7
What is -a71 (base 12) in base 15?
-6ba
2324 (base 5) to base 13
201
-40420 (base 5) to base 16
-a32
What is -5e93 (base 15) in base 12?
-b803
Convert 102020220 (base 3) to base 9.
12226
4251 (base 12) to base 16
1c5d
What is 3576 (base 8) in base 7?
5410
What is c31d (base 15) in base 7?
231061
Convert -2121002 (base 3) to base 9.
-2532
Convert 1f5 (base 16) to base 8.
765
What is 107c (base 15) in base 2?
110110100100
-1686 (base 10) to base 4
-122112
What is -42204 (base 7) in base 15?
-312c
What is -111110111011 (base 2) in base 5?
-112102
1132 (base 7) to base 6
1531
What is 17d (base 15) in base 11?
292
Convert 100000110 (base 3) to base 4.
1212231
11343 (base 7) to base 13
143a
What is -2744 (base 8) in base 2?
-10111100100
Convert -1042 (base 11) to base 2.
-10101100001
Convert 28d (base 14) to base 13.
30a
Convert 224 (base 9) to base 6.
504
33004 (base 6) to base 7
16144
-19220 (base 11) to base 3
-1100212201
What is -100001 (base 2) in base 14?
-25
Convert -1101011111 (base 2) to base 13.
-515
What is 3518 (base 13) in base 14?
2a09
Convert 1000011000011 (base 2) to base 12.
2597
Convert 1228 (base 10) to base 16.
4cc
Convert -1c1b (base 13) to base 10.
-4249
What is 313 (base 14) in base 16?
25d
Convert 5b8 (base 13) to base 4.
33210
What is -223 (base 15) in base 3?
-122220
34532 (base 8) to base 7
60543
Convert -1469 (base 10) to base 3.
-2000102
Convert 202122 (base 3) to base 7.
1424
What is -32521 (base 6) in base 15?
-150d
71746 (base 8) to base 3
1111200220
What is -45756 (base 10) in base 5?
-2431011
1802 (base 14) to base 6
31550
Convert 142036 (base 7) to base 8.
64764
What is -3475 (base 8) in base 2?
-11100111101
-212121 (base 3) to base 9
-777
What is -1302232 (base 4) in base 8?
-16256
7a40 (base 13) to base 9
25433
341044 (base 5) to base 4
2323320
-4188 (base 10) to base 11
-3168
What is -356e (base 15) in base 8?
-26132
Convert 101100 (base 3) to base 11.
234
Convert -155433 (base 7) to base 2.
-111100000011011
What is 2170b (base 12) in base 10?
44219
Convert -10102210 (base 4) to base 2.
-100010010100100
3013122 (base 4) to base 3
122111200
Convert -46bc (base 13) to base 7.
-41013
Convert 393b (base 12) to base 16.
197f
What is 65 (base 9) in base 13?
47
What is -11110 (base 4) in base 9?
-417
Convert -22000010 (base 4) to base 5.
-2302324
Convert 563a (base 11) to base 4.
1310000
22121012 (base 3) to base 4
1201331
2001210 (base 3) to base 5
22011
What is 226 (base 10) in base 16?
e2
What is -28371 (base 10) in base 13?
-cbb5
-2038 (base 9) to base 12
-a45
What is 1101101000 (base 2) in base 11?
723
What is 2733 (base 8) in base 2?
10111011011
Convert -694 (base 16) to base 4.
-122110
-40040 (base 5) to base 11
-1991
What is 11001101 (base 2) in base 5?
1310
Convert 36433 (base 7) to base 15.
2c21
-3114400 (base 5) to base 12
-25789
What is -124030 (base 6) in base 9?
-16380
Convert -3d30 (base 16) to base 7.
-63445
What is 1146 (base 8) in base 9?
752
3610 (base 7) to base 16
532
Convert 1964 (base 13) to base 3.
12012202
cdb5 (base 14) to base 13
132b2
-5799 (base 10) to base 16
-16a7
13022 (base 7) to base 11
2653
2022121100 (base 3) to base 13
17a09
-551a (base 11) to base 9
-10880
-100220 (base 3) to base 10
-267
-1005 (base 7) to base 15
-183
What is -112210210 (base 3) in base 9?
-15723
Convert 64 (base 13) to base 10.
82
-1101011011 (base 2) to base 8
-1533
What is -20212 (base 4) in base 14?
-2b4
421 (base 8) to base 9
333
101101110110100 (base 2) to base 7
125305
Convert -60236 (base 7) to base 14.
-541d
What is 1365 (base 8) in base 3?
1001001
Convert 853 (base 15) to base 4.
131112
